culate the highest common factor of g and 14.
14
Suppose 31 - 5 = 2*w. Let a be (-2)/4*(-13 - -1). Let j(k) = -k**3 + 6*k**2 + 7*k + 10. Let f be j(a). Calculate the greatest common divisor of w and f.
13
Let d = 0 + -4. Let p(w) = -w**3 - 6*w**2 - w + 3. Let j be p(d). Let h = 42 + j. What is the greatest common divisor of h and 17?
17
Suppose 207*j - 10541 + 17838 = 74986. Calculate the highest common factor of j and 15.
3
Let t(u) = u**2 + 6*u - 1. Let w be t(-7). Let h = -430 + 427. Let n be (-2 + h + 167)*(-2)/(-6). What is the greatest common divisor of n and w?
6
Let v(r) = 2*r**2 - 151*r - 209. Let q be v(77). Calculate the greatest common factor of q and 1727.
11
Suppose 29 = 3*j + 4*d, -4*d + 10 = -2*d. Let n be 12 - j/((-12)/16*2). Let v = -19 + 54. Calculate the highest common factor of n and v.
7
Let x(a) = -a**2 + 7*a + 7. Let r be x(9). Let y be (-4)/(-22) + (2/r - 0). Suppose -h - 10*h + 2090 = y. What is the highest common divisor of 76 and h?
38
Suppose -2364 = -3*l - 2*l - 3*b, -4*l + 1887 = b. Suppose -10*o = l - 1171. What is the highest common divisor of 350 and o?
70
Suppose -4*h - 7430 = -2*o, 0 = -3*o - 213*h + 216*h + 11142. What is the highest common factor of o and 79?
79
Let v = 582 - 555. Suppose -n + 2*c = -21 - 17, -c = 5*n - 179. What is the greatest common factor of v and n?
9
Suppose 0 = -42*t + 789 + 1395. What is the highest common factor of 13 and t?
13
Let c = 103 + -103. Suppose c = m + 8*m - 1638. Calculate the highest common factor of m and 26.
26
Let c = -28569 + 32709. Calculate the highest common factor of 1260 and c.
180
Suppose -2*h + 106 = 4*v - 18, 0 = 3*h - 5*v - 131. Calculate the greatest common divisor of h and 325.
13
Suppose -3*t - k + 65 = 0, -t + 3*k - 7*k + 18 = 0. Let c be (-9)/459*-17 - 917/(-21). What is the greatest common divisor of c and t?
22
Suppose 0 = -5*d - 3*o + 168, 0 = 3*d - 3*o + 53 - 149. Let y = 21 + 276. What is the greatest common factor of d and y?
33
Suppose 1944 = 7*t - 34*t. Let v = t + 1448. What is the greatest common divisor of v and 32?
32
Suppose 4*l = -i - 2, 2*i + 6*l + 9 = 3*l. Let q(o) = -13 - 12*o - 10 - 3*o + 15. Let n be q(i). What is the highest common factor of n and 205?
41
Let k(g) = -g. Let z be k(-9). Let h be (-5764)/(-40) + (-2)/20. What is the highest common divisor of h and z?
9
Let f(w) = -189*w + 44. Let k be f(-3). Let d = k + -475. Let c be ((-32)/40)/(2/(-85)). Calculate the greatest common divisor of c and d.
34
Let k be -2*(-6)/32 - 74195/(-568). Suppose k = 22*t - 221. What is the greatest common factor of t and 16?
16
Let y be (46/6)/(448/32256). What is the greatest common divisor of y and 2668?
92
Let h be (0 - -100)*(-3)/12*-2. Let v = 54 - h. Suppose -v*w + 2*w + 64 = -2*b, -3*w + 136 = 5*b. What is the highest common factor of 370 and w?
37
Let r(y) = 368*y + 544. Let q be r(4). What is the highest common divisor of q and 2304?
288
Suppose 2*t - 16*g = -12*g - 586, -281 = t - 5*g. Let r = -280 - t. Calculate the highest common divisor of 147 and r.
21
Let a = 19630 - 19628. What is the greatest common divisor of a and 7862?
2
Let v be 3926/1359*(-63)/(-2). Calculate the greatest common factor of v and 3107.
13
Let z be 121/(-44)*4 - -391 - (0 - -8). What is the highest common factor of 4371 and z?
93
Let f be (44840/418)/5 + 6/11. Suppose s = -2, 4*c + 2*s = 5*s + 1150. What is the greatest common divisor of c and f?
22
Suppose 5*x = -u + 5878 + 31297, 4*x = 4*u - 148724. What is the highest common divisor of u and 220?
220
Suppose -12*l - 675 = -1155. What is the highest common divisor of 1620 and l?
20
Let a = -71 - -82. Let h be (-9 - -7)/((-4)/(-30)*-3). Suppose -517 = -h*s + 88. What is the greatest common divisor of a and s?
11
Let y = -609 + 771. Calculate the greatest common factor of y and 54.
54
Suppose -462*n = -464*n + 4. Let r be (217/n + -2)/(81/216). Calculate the greatest common factor of r and 213.
71
Let x = 21 + 140. Let m = -1440 + 1461. What is the highest common factor of m and x?
7
Let y = 2532 + -2497. Suppose -24 = v + 2*v + c, 5*v = -4*c - 47. Let g(z) = -z**2 - 9*z. Let p be g(v). What is the greatest common divisor of p and y?
7
Suppose 8*u = 6992 - 160. Let c be 2 + u/21 - 4/(-3). Suppose -c*r + 56 = -40*r. Calculate the highest common factor of 35 and r.
7
Let q(p) = 50 + 52 + 6*p**2 - 7*p - 105. Let y be q(-5). Let z(f) = f**2 - 11*f - 54. Let t be z(16). Calculate the highest common divisor of y and t.
26
Suppose i - 5 = -3*k, -5*i = -4*i + 4. Suppose k*s - 8*s = -20. Suppose -5*n + 6*m = 3*m - 46, -n = -5*m - 18. What is the greatest common divisor of s and n?
4
Let c = 30 + -27. Let y = -489 + 504. What is the highest common factor of c and y?
3
Suppose -l - 2*q = -2432, -102*q + 12105 = 5*l - 103*q. Calculate the greatest common divisor of l and 28.
14
Let b(i) = i**3 + 78*i**2 + 978*i + 6. Let t be b(-16). Suppose r + 51 = 5*o, 8*r - 5*r - 7 = -o. What is the greatest common factor of o and t?
10
Let l(o) = -3*o**2 + 27*o - 12. Let u be l(7). Let t be (-8)/3*63/14. Let v = t - -18. Calculate the highest common factor of u and v.
6
Let s(y) = y**3 - 32*y**2 - 38*y + 30. Let l be s(33). Let k = l + 148. Calculate the highest common factor of 234 and k.
13
Let g be 17*(-1*1)/(-1). Let u = 35769 - 35749. Suppose -u*w = -g*w - 84. What is the highest common divisor of 4 and w?
4
Let v(j) = j**2 + 12*j - 5. Let r = -161 - -166. Let h be v(r). What is the highest common divisor of 64 and h?
16
Let n = -9281 - -11000. What is the highest common divisor of 1528 and n?
191
Let m = 15 + 18. Let d(h) = 3*h**3 - h**2 + 2*h. Let y be d(1). Suppose -48 = -4*x - y. Calculate the highest common factor of x and m.
11
Let f = -48 - -42. Let i be f/8 + (-3171)/(-4). Suppose 0*v = 4*v - i. Calculate the highest common factor of 22 and v.
22
Let k = -4448 - -4482. Suppose 17*d - 14*d = 255. Calculate the highest common divisor of k and d.
17
Let i be (-32)/(-8)*(513/6 + 5). Suppose -38*d + 1006 + i = 0. Calculate the greatest common divisor of 468 and d.
36
Let k = 1341 + -1243. What is the highest common divisor of k and 4263?
49
Let r(n) = -n**2 + 10*n - 18. Let k be r(7). Suppose 6 = k*b + 4*y, 0 = -0*y + 5*y. Suppose 0 = b*s - 10. What is the greatest common divisor of 15 and s?
5
Let d = 310 + -305. Suppose 2*o + 2*l = 1506, d*l + 22 = 7. Calculate the highest common divisor of 21 and o.
21
Suppose 500 = 8*s - 3*s. Let n = -82368 + 82428. What is the greatest common divisor of n and s?
20
Suppose 1451465 = 134*f - 37*f + 118*f. What is the highest common factor of f and 43?
43
Let s(p) = 3*p - 28. Let y be s(10). Suppose y*a - 504 = -0*a. Suppose -3*h + 257 = -4*z - a, -5*z = -20. What is the highest common divisor of h and 25?
25
Suppose -6*c - 72 = -12*c. Suppose -w - 11*w - c = 0. Let u be (64/48)/(w/3) + 9. Calculate the greatest common factor of 25 and u.
5
Suppose -8*z + 111 = -5*z. Suppose -o + z = -63. Suppose o = 7*g - 40. Calculate the greatest common factor of 4 and g.
4
Let h be (((-30)/(-4))/5)/(6/(-8)). Let j be 4/h*(-6 - -3). Suppose 3*y - 28 = -2*p, 2*p = j*p - y - 84. What is the highest common divisor of 5 and p?
5
Let f(o) = -o**3 - 3*o**2 + 3. Let z = -20 + 42. Suppose 0 = 4*c - z + 34. Let b be f(c). What is the greatest common divisor of 15 and b?
3
Suppose 50 = -4*w - w. Let m = 0 - w. Suppose -317*q = -110*q - 5175. Calculate the greatest common factor of q and m.
5
Suppose -4*y - 2*w + 21 = 9, -5*y - 3*w + 14 = 0. Let i(x) = 19*x + 10 - x - 3 - y. Let o be i(9). What is the greatest common factor of 15 and o?
15
Suppose -530*p = -526*p - 5*k - 85, 0 = -4*p + k + 81. Suppose 0 = -4*z + 36 + 364. What is the greatest common divisor of z and p?
20
Let a(z) = 56*z - 381. Let c be a(7). Let g(b) = -3*b**3 - 10*b**2 + 3*b - 17. Let u be g(-6). What is the highest common factor of u and c?
11
Let k(g) = 74*g + 3518. Let f be k(-46). What is the greatest common divisor of 551 and f?
19
Suppose -320*s + 95446 = 15916 - 17750. Let c = -19 - -38. Calculate the highest common divisor of s and c.
19
Let d be (2 + (-6)/4)*(-4 - -6). Suppose -188*y + 186*y + 4 = 0. Suppose 0 = y*z + 16*z - 162. Calculate the highest common factor of d and z.
1
Let p(j) = -270*j - 794. Let f be p(-3). Calculate t